 the prime factors of v(6).
2, 31
Let x be ((-72)/(-32))/(1/(-12)). What are the prime factors of 24/(-4)*3/(x/96)?
2
Let a(d) = -d**2 + d + 19. Let k be a(6). Let x(p) = -p**2 - 36*p - 4. What are the prime factors of x(k)?
271
Let z = 23 - 10. Suppose z*g + 20 = 14*g. What are the prime factors of g?
2, 5
Suppose -2*a = 2*g - 6 - 22, 5*a = -g + 34. Let y(u) = -2*u + 22. Let s be y(g). Let z = s + 25. List the prime factors of z.
29
List the prime factors of -524*18/(-24)*1.
3, 131
Let c(f) = -12 - 12*f - 4*f + 7*f. List the prime factors of c(-5).
3, 11
List the prime factors of (183/(-2))/(74/(-1628)).
3, 11, 61
List the prime factors of ((-18)/7 + -6)/((-4)/1288).
2, 3, 5, 23
Suppose -15*q = -18*q + 15. Suppose -q*j = -j - 124. List the prime factors of j.
31
Let d be (-12)/30 + 12/5. Let h(z) be the first derivative of 5*z**3/3 - 5*z**2/2 + 3*z + 43. What are the prime factors of h(d)?
13
Suppose -2 = -2*s, -5*s = -2*h + 6040 + 3669. What are the prime factors of h?
3, 1619
Suppose -2*a + a = -910. Suppose 974 + a = 6*n. List the prime factors of n.
2, 157
Let c = -771 - -1079. What are the prime factors of c?
2, 7, 11
Let v = 5 - 3. Suppose -2*u + 163 = u - 5*c, -v*c + 58 = u. List the prime factors of u.
2, 7
Suppose -j + 5*j - 20 = 0. Suppose -10 = 5*l, 0 = 5*g + j*l - l + 8. Suppose 2*k + g*k = 48. What are the prime factors of k?
2, 3
Suppose -2*n - 2*j = -310, n + j = 2*j + 153. What are the prime factors of -7 + 10 + n + -1 + -2?
2, 7, 11
Let l(d) = 34*d**2 + 3*d - 68. List the prime factors of l(7).
1619
Let y = -154 + 280. What are the prime factors of y?
2, 3, 7
Let g(s) = s - 3. Let r be g(10). Suppose 0 = -r*d + 5*d + 8. Suppose -2*i = -d*i + k + 15, 3*i + 5*k - 55 = 0. List the prime factors of i.
2, 5
Let c(w) = 6*w**2 - 2*w**2 + 3*w**2 + 9*w - 5*w**2 - 10. Let m = 19 - 27. List the prime factors of c(m).
2, 23
Let d(z) = -z + 2. Let p be d(12). Let t = p + 36. What are the prime factors of t?
2, 13
Suppose -2*l = -8, s - l - 3 = -2*l. Let r be 4/s + 3*1. What are the prime factors of 3*r*(-10)/3?
2, 5
What are the prime factors of ((11 - 8) + -10)*(-1332)/14?
2, 3, 37
Let w = -5 + 5. Suppose w = 4*c - c - 12. Suppose -i + 0*i - 2*h = -8, 0 = c*i - h - 77. What are the prime factors of i?
2, 3
Suppose 3*l - 6 = 2*l - 4*o, -3*l - o + 7 = 0. Let t be (l/(-8))/(15/60). List the prime factors of 930/45 + t/(-3).
3, 7
Let b(l) = 13*l + 5. Let t(m) = -15*m - 5. Let i(v) = -3*b(v) - 2*t(v). Let w(u) = -u**2 + 4. Let f be w(-3). List the prime factors of i(f).
2, 5
Suppose 5*y + 30 = 2*x, 4*y = -2*x - 6 - 0. Suppose -t + 7*t = -90. What are the prime factors of t/x - 11/(-1)?
2
Suppose -13*f + 8*f + 115 = 0. Let w = 20 - f. What are the prime factors of 5 + w - 2 - -20?
2, 5
Let f = 1382 + -541. List the prime factors of f.
29
Suppose 2389 = 3*n - 845. Suppose -r = -8*r + n. What are the prime factors of r?
2, 7, 11
Suppose -q - 2 = 2. Let x = 0 - q. Suppose 61 = 3*l + 4*m, 4*l - 92 = -x*m - 8. List the prime factors of l.
23
List the prime factors of (372 - 0) + (-73 - -68).
367
What are the prime factors of 99 + 7/(49/(-14))?
97
Let w(u) be the third derivative of -71*u**4/8 + u**3/2 - 3*u**2 - 7. What are the prime factors of w(-1)?
2, 3
Suppose -7 - 1 = 4*i. What are the prime factors of 153*(-2)/10*(i + -3)?
3, 17
Suppose 49 + 14 = 9*t. Suppose 576 = i + t*i. List the prime factors of i.
2, 3
Suppose -4*v = -0*v. Let y = -5 + 32. Suppose -w - 5*j + y = v, -3*w - 2*j = -22 - 20. List the prime factors of w.
2, 3
Suppose 2*d - 6*d = 2*j - 964, -d - j + 242 = 0. List the prime factors of d.
2, 3, 5
Suppose -34*a = 9*a - 83635. What are the prime factors of a?
5, 389
What are the prime factors of 4609/4 + 93/(-372)?
2, 3
Suppose 0 = 5*t - 8*t + 42. What are the prime factors of 1*t*(-8 - -10)?
2, 7
Suppose -3*w + 702 = -0*w + 2*t, -2*w + 3*t + 481 = 0. Suppose 5*x = -4*u + w, 0*x = 3*x - 4*u - 116. What are the prime factors of x?
2, 11
Let p = 392 + -212. Suppose -u = -5*u + p. What are the prime factors of u?
3, 5
Suppose -3*m + 7*m + r + 34 = 0, -3*m - 30 = 3*r. What are the prime factors of (-1 + ((-4)/m - -1))*402?
3, 67
Let z(l) = l**2 - 10*l - 1. Let r be z(11). Let k be 2/10 - (-18)/r. Suppose -2*b + k + 3 = 5*y, 3*b - 55 = 2*y. What are the prime factors of b?
3, 5
Suppose -169 = 10*n + 181. Let q(i) = -2*i + 3. Let j be q(4). List the prime factors of 12 - (n/j - 4).
3
Suppose 0 = -4*m + y + 124, -172 + 60 = -4*m + 4*y. Suppose -b + 9 = -m. What are the prime factors of b?
41
Let y(o) be the first derivative of o**4/4 - o**3/3 + o**2/2 + 6*o + 1. Let n be y(0). Suppose 3*z - n = 42. List the prime factors of z.
2
Suppose 7 = 4*d - 53. Suppose j - d = -11. Suppose 0 = j*b - 78 + 2. What are the prime factors of b?
19
Let v(k) = 60*k + 3. Let g(o) = o. Let s(f) = 30*g(f) + 2*v(f). Let b be s(2). What are the prime factors of b/8 - 3/12?
2, 19
Let m = 1124 + 1934. List the prime factors of m.
2, 11, 139
Let i(c) = c**2 - 20*c - 384. What are the prime factors of i(45)?
3, 13, 19
Suppose 3*m + 1725 = u + m, 5*u - m - 8598 = 0. What are the prime factors of u?
3, 191
Suppose -4*q + 4 = -q + o, -2*q - 3 = -5*o. Let m be ((-5)/(-10))/(q/2). What are the prime factors of (-1)/((-1)/19*m)?
19
Suppose 0*u + 3*j = -4*u - 70, -u - 4*j = 11. Let v be 2/14 + 114/(-14). Let f = v - u. What are the prime factors of f?
11
Let x(w) = 0*w - 4*w + 3*w**2 + 11*w**2 + 5*w. List the prime factors of x(2).
2, 29
Let c(i) = i**3 - 8*i**2 - 10*i + 12. Let l be c(9). Let h be 6/(-4)*(-4)/l. Let s(a) = 5*a**2 + 2*a - 1. List the prime factors of s(h).
23
Let v(n) = n**2 - 16*n - 72. List the prime factors of v(-22).
2, 191
Suppose -7*k = 9048 - 1320. List the prime factors of (k/36)/((-4)/6).
2, 23
Let v = 40 + -32. Suppose 2 = -k + v. Suppose 4*j - k*j + 58 = 0. What are the prime factors of j?
29
Suppose a + 5*q - 30 = 0, 4*a + 3*q - 82 = 21. Suppose -4*v - 13 - 3 = 0, -3*f - 5*v = -a. List the prime factors of f.
3, 5
Let w = 91 + -88. Suppose 47 = b - 5*a - 40, w*b - 346 = -2*a. List the prime factors of b.
2, 7
Suppose -71*v = -76*v + 6850. What are the prime factors of v?
2, 5, 137
Let r(o) = 56*o - 184. What are the prime factors of r(21)?
2, 31
Let b be (-3)/(-1)*-1 + 15. Let l = -7 + b. Suppose l*f + 8 - 103 = 0. What are the prime factors of f?
19
Let c(p) = 41*p + 23. Let s be c(4). Let j = -29 + s. What are the prime factors of j?
2, 79
Let k(h) = 2*h**2 - 10*h - 2. Let j be k(7). Suppose 0 = w + 2*s - 38, 4*s + 10 = j. List the prime factors of w.
2, 3, 5
Let s(a) = 6*a + 1. Let w be s(1). Suppose 0 = 2*q - w*q + 100. Suppose -p + q = 4*k - 8, 0 = -3*k. List the prime factors of p.
2, 7
List the prime factors of 1*(-6)/10 + 262119/65.
2, 3, 7
Let b = 2086 - 1454. List the prime factors of b.
2, 79
Let a be 6/(-2)*-3*1. Let i be 8/3*21/28. Let o = i + a. List the prime factors of o.
11
Suppose -3*d + 1364 = -0*d + 2*c, 2*d + 5*c = 924. What are the prime factors of d?
2, 113
Let c be (-24)/(-8) - (1 + 2). Suppose -2*w + c = -138. List the prime factors of w.
3, 23
Suppose y = -3*a - 3*y + 661, 2*y - 2 = 0. Suppose 57 = r - 4*b - 177, -b = r - a. What are the prime factors of r?
2, 3, 37
Let r(v) be the second derivative of v**6/144 - v**5/30 - 5*v**4/12 - 10*v. Let f(o) be the third derivative of r(o). What are the prime factors of f(14)?
2, 3, 11
Let h = 25 + -24. Let a be h/(-6) - (-4444)/24. Suppose 3*m - 3*p = 46 + 53, 5*m = -5*p + a. List the prime factors of m.
5, 7
Let x be (5 + -3)*(-5)/(-2). Suppose x*o + 20 = 7*o. What are the prime factors of o?
2, 5
Suppose -16*s + 10*s = -240. List the prime factors of s.
2, 5
Suppose -5*v - 5*o = -3*v - 7, -3*v + 2 = -o. Let z be v*6*(-8)/(-12). Suppose -4*q - 39 = -s, -q - 25 = z*q. What are the prime factors of s?
19
Suppose -3*i + 3*n = 2*i - 87, i - 4*n - 31 = 0. Suppose 20 = -5*h, 3*v - 2*v = 4*h + 29. Let x = v + i. List the prime factors of x.
2, 7
What are the prime factors of (0 - (-32)/5)*155?
2, 31
Let s(d) = d**3 - 3*d**2 + 2*d - 6. Let y be s(3). Suppose l + 3*b - 48 = -y*l, 0 = 2*l + b - 101. What are the prime factors of l?
3, 17
Let d(l) = l**3 + 9*l**2 + 6*l + 5. Let h be 3/((-9)/5)*-3. Suppose -26 = h*o + 14. What are the prime factors of d(o)?
3, 7
Let p(m) = -m**2 -